{"id":249,"date":"2017-07-14T13:00:37","date_gmt":"2017-07-14T11:00:37","guid":{"rendered":"http:\/\/images-des-alpes.fr\/randonue\/wp\/?page_id=249"},"modified":"2024-12-02T20:45:53","modified_gmt":"2024-12-02T19:45:53","slug":"le-groupe-des-randonneurs-naturistes-dauphine-savoies","status":"publish","type":"page","link":"https:\/\/images-des-alpes.fr\/randonue\/wp\/le-groupe-des-randonneurs-naturistes-dauphine-savoies\/","title":{"rendered":"Le groupe des randonneurs naturistes Dauphin\u00e9 \u2013 Savoies"},"content":{"rendered":"<p>Il s&rsquo;agit d&rsquo;un groupe informel (non constitu\u00e9 en association d\u00e9clar\u00e9e) comportant des membres des d\u00e9partements de l&rsquo;Is\u00e8re, des Savoies et du Rh\u00f4ne, plus des amis ext\u00e9rieurs participants \u00e0 nos sorties ou s\u00e9jours \u00e0 l&rsquo;occasion de leurs vacances dans notre r\u00e9gion.<\/p>\n<p>A ce jour (d\u00e9cembre 2024), le groupe comporte 38\u00a0 personnes.<\/p>\n<p>L&rsquo;objet est strictement naturiste et des comportements inappropri\u00e9s ne sont pas tol\u00e9r\u00e9s.<\/p>\n<p>Chacun peut proposer des sorties qui peuvent \u00eatre, soit \u00e0 la journ\u00e9e (le plus courant), soit des s\u00e9jours plus ou moins longs pour d\u00e9couvrir d&rsquo;autres r\u00e9gions.<\/p>\n<p>Ainsi, en 2016, environ 45 journ\u00e9es de randonue ont eu lieu, dont 3 s\u00e9jours (Raquettes nu en Beauch\u00e8ne, Verdon, Ard\u00e8che)<\/p>\n<p>Pour 2017, 25 sorties ont \u00e9t\u00e9 organis\u00e9es concernant 35 personnes diff\u00e9rentes.\u00a0 Une semaine de raquette nu a a \u00e9t\u00e9 organis\u00e9e en mars toujours dans le Beauch\u00e8ne, une semaine en Provence en mai et une semaine\u00a0 fin septembre en Ari\u00e8ge.<\/p>\n<p>En 2018 : 38 journ\u00e9es de randonue ont eu lieu concernant 42 personnes diff\u00e9rentes. Cot\u00e9 rassemblements : encore un semaine de randonue \u00e0 Saint Juiien en Beauch\u00eane en mars, une semaine\u00a0 en Haute Provence en mai une semaine fin septembre en Ari\u00e8ge, et 4 jours en haute Ard\u00e8che fin octobre.<\/p>\n<p>En 2019, en plus de plusieurs sorties \u00e0 la journ\u00e9e, deux semaines de randonue ont eu lieu fin mars et fin septembre\u00a0 \u00e0 N\u00e9vache et une semaine en mai en Haute Provence.<\/p>\n<p>En 2020, la pand\u00e9mie nous a oblig\u00e9 \u00e0 annuler les s\u00e9jours de mars et mai. Nous avons cependant pu organiser quelques sorties \u00e0 la journ\u00e9e durant l&rsquo;\u00e9t\u00e9 et l&rsquo;automne et une semaine de randonue dans le Cantal fin septembre.<\/p>\n<p>D\u00e9but 2021, nous avons pu d&rsquo;extr\u00eame justesse organiser une semaine de randonue, raquettes nu \u00e0 AUZET (04). Ensuite, un s\u00e9jour a eu lieu en Provence et un troisi\u00e8me dans les Pyr\u00e9n\u00e9es orientales. 33 journ\u00e9es ont eu lieu dont 19 avec l&rsquo;association RSVNat, soit 203 personnes-jour.<\/p>\n<p>Les membres du groupe sont en contacts avec l&rsquo;ensemble de la mouvance \u201crandonue\u201c au niveau national et m\u00eame international et participent \u00e0 l&rsquo;occasion \u00e0 des activit\u00e9s organis\u00e9es dans d&rsquo;autres r\u00e9gions. Ainsi certains d&rsquo;entre nous ont particip\u00e9 en 2018 au rassemblement VIVRENU \u00e0 le Gen\u00e8se. D&rsquo;autres \u00e0 des s\u00e9jours en Bretagne et dans les Pyr\u00e9n\u00e9es espagnoles.<\/p>\n<p>Le groupe est \u00e0 l&rsquo;origine de la cr\u00e9ation de <a href=\"https:\/\/images-des-alpes.fr\/randonue\/wp\/association-rsvnat\/\">l&rsquo;association <strong>RSVNat<\/strong><\/a> qui a pour objet d&rsquo;organiser et s\u00e9curiser sur le plan l\u00e9gal et assuranciel\u00a0 les s\u00e9jours de randonue.<\/p>\n<p>Contacts : <a href=\"mailto:randonue.chartreuse@images-des-alpes.fr\">randonue.chartreuse(at)images-des-alpes.fr ou <\/a><a href=\"https:\/\/randonue.fr\/\">https:\/\/randonue.fr\/<\/a><\/p>\n\n\n<p><\/p>\n ","protected":false},"excerpt":{"rendered":"<p>Il s&rsquo;agit d&rsquo;un groupe informel (non constitu\u00e9 en association d\u00e9clar\u00e9e) comportant des membres des d\u00e9partements de l&rsquo;Is\u00e8re, des Savoies et du Rh\u00f4ne, plus des amis ext\u00e9rieurs participants \u00e0 nos sorties ou s\u00e9jours \u00e0 l&rsquo;occasion de leurs vacances dans notre r\u00e9gion. A ce jour (d\u00e9cembre 2024), le groupe comporte 38\u00a0 personnes. L&rsquo;objet est strictement naturiste et [&hellip;]<\/p>\n","protected":false},"author":1,"featured_media":0,"parent":0,"menu_order":0,"comment_status":"closed","ping_status":"closed","template":"","meta":{"footnotes":""},"class_list":["post-249","page","type-page","status-publish","hentry"],"_links":{"self":[{"href":"https:\/\/images-des-alpes.fr\/randonue\/wp\/wp-json\/wp\/v2\/pages\/249","targetHints":{"allow":["GET"]}}],"collection":[{"href":"https:\/\/images-des-alpes.fr\/randonue\/wp\/wp-json\/wp\/v2\/pages"}],"about":[{"href":"https:\/\/images-des-alpes.fr\/randonue\/wp\/wp-json\/wp\/v2\/types\/page"}],"author":[{"embeddable":true,"href":"https:\/\/images-des-alpes.fr\/randonue\/wp\/wp-json\/wp\/v2\/users\/1"}],"replies":[{"embeddable":true,"href":"https:\/\/images-des-alpes.fr\/randonue\/wp\/wp-json\/wp\/v2\/comments?post=249"}],"version-history":[{"count":2,"href":"https:\/\/images-des-alpes.fr\/randonue\/wp\/wp-json\/wp\/v2\/pages\/249\/revisions"}],"predecessor-version":[{"id":2002,"href":"https:\/\/images-des-alpes.fr\/randonue\/wp\/wp-json\/wp\/v2\/pages\/249\/revisions\/2002"}],"wp:attachment":[{"href":"https:\/\/images-des-alpes.fr\/randonue\/wp\/wp-json\/wp\/v2\/media?parent=249"}],"curies":[{"name":"wp","href":"https:\/\/api.w.org\/{rel}","templated":true}]}}

Le groupe des randonneurs naturistes Dauphiné – Savoies

<p>Il s&rsquo;agit d&rsquo;un groupe informel (non constitué en association déclarée) comportant des membres des départements de l&rsquo;Isère, des Savoies et du Rhône, plus des amis extérieurs participants à nos sorties ou séjours à l&rsquo;occasion de leurs vacances dans notre région.</p>
<p>A ce jour (décembre 2024), le groupe comporte 38  personnes.</p>
<p>L&rsquo;objet est strictement naturiste et des comportements inappropriés ne sont pas tolérés.</p>
<p>Chacun peut proposer des sorties qui peuvent être, soit à la journée (le plus courant), soit des séjours plus ou moins longs pour découvrir d&rsquo;autres régions.</p>
<p>Ainsi, en 2016, environ 45 journées de randonue ont eu lieu, dont 3 séjours (Raquettes nu en Beauchène, Verdon, Ardèche)</p>
<p>Pour 2017, 25 sorties ont été organisées concernant 35 personnes différentes.  Une semaine de raquette nu a a été organisée en mars toujours dans le Beauchène, une semaine en Provence en mai et une semaine  fin septembre en Ariège.</p>
<p>En 2018 : 38 journées de randonue ont eu lieu concernant 42 personnes différentes. Coté rassemblements : encore un semaine de randonue à Saint Juiien en Beauchêne en mars, une semaine  en Haute Provence en mai une semaine fin septembre en Ariège, et 4 jours en haute Ardèche fin octobre.</p>
<p>En 2019, en plus de plusieurs sorties à la journée, deux semaines de randonue ont eu lieu fin mars et fin septembre  à Névache et une semaine en mai en Haute Provence.</p>
<p>En 2020, la pandémie nous a obligé à annuler les séjours de mars et mai. Nous avons cependant pu organiser quelques sorties à la journée durant l&rsquo;été et l&rsquo;automne et une semaine de randonue dans le Cantal fin septembre.</p>
<p>Début 2021, nous avons pu d&rsquo;extrême justesse organiser une semaine de randonue, raquettes nu à AUZET (04). Ensuite, un séjour a eu lieu en Provence et un troisième dans les Pyrénées orientales. 33 journées ont eu lieu dont 19 avec l&rsquo;association RSVNat, soit 203 personnes-jour.</p>
<p>Les membres du groupe sont en contacts avec l&rsquo;ensemble de la mouvance “randonue“ au niveau national et même international et participent à l&rsquo;occasion à des activités organisées dans d&rsquo;autres régions. Ainsi certains d&rsquo;entre nous ont participé en 2018 au rassemblement VIVRENU à le Genèse. D&rsquo;autres à des séjours en Bretagne et dans les Pyrénées espagnoles.</p>
<p>Le groupe est à l&rsquo;origine de la création de <a href="https://images-des-alpes.fr/randonue/wp/association-rsvnat/">l&rsquo;association <strong>RSVNat</strong></a> qui a pour objet d&rsquo;organiser et sécuriser sur le plan légal et assuranciel  les séjours de randonue.</p>
<p>Contacts : <a href="mailto:randonue.chartreuse@images-des-alpes.fr">randonue.chartreuse(at)images-des-alpes.fr ou </a><a href="https://randonue.fr/">https://randonue.fr/</a></p>


<p></p>

<p>Il s&rsquo;agit d&rsquo;un groupe informel (non constitué en association déclarée) comportant des membres des départements de l&rsquo;Isère, des Savoies et du Rhône, plus des amis extérieurs participants à nos sorties ou séjours à l&rsquo;occasion de leurs vacances dans notre région. A ce jour (décembre 2024), le groupe comporte 38  personnes. L&rsquo;objet est strictement naturiste et [&hellip;]</p>
